591 = -8*i. Suppose 77*t + 24 = i*t. What is the greatest common factor of 12 and t?
12
Suppose -4*k = -12*k - 5032. Let c = 825 + k. What is the highest common divisor of c and 84?
28
Let z(m) = 7 - 8 - 7 + m**2 - 8. Let v be z(8). Suppose i - v = -7*i. What is the greatest common factor of 6 and i?
6
Let n = 31 - 22. Let z be 1*(-18)/(-12)*(n - -3). Calculate the highest common divisor of z and 2.
2
Let q = -71 - -26. Let r = 64 + q. Let k = 679 + -508. What is the greatest common factor of k and r?
19
Let o = -580 - -646. Suppose 0 = -2*d + 30 + o. What is the greatest common divisor of 1200 and d?
48
Let r = -1406 - -1450. Calculate the greatest common divisor of 14311 and r.
11
Let v = 376 - 357. Suppose 0 = v*z - 2627 - 2788. What is the greatest common factor of z and 45?
15
Let a(d) = -d. Let j(u) = -84*u + 252. Let m(n) = -36*a(n) + j(n). Let h be m(5). What is the highest common factor of 4 and h?
4
Let u(l) = l**3 + 24*l**2 + 117*l + 263. Let p be u(-17). What is the highest common factor of 363 and p?
33
Let t(w) = 2*w**2 - 57*w - 740. Let y be t(65). Calculate the greatest common factor of 5 and y.
5
Let o(b) = b**3 - 17*b**2 + 19*b + 1. Let c be o(16). Suppose j - 2*k = 14, 0 = -555*k + 551*k + 28. What is the greatest common divisor of c and j?
7
Suppose 4*l - 4*s - 24 = -44, l - 5*s + 33 = 0. What is the greatest common divisor of 237 and l?
1
Let b be -1893*(-7)/21 + 8 - (-6)/1. What is the highest common divisor of b and 1032?
129
Let a(f) = 8*f**2 + 4*f - 1120. Let g be a(27). What is the greatest common divisor of g and 20?
20
Suppose -1302 = -4*r - 2*q, -2*r = -5*q + 161 - 782. What is the highest common factor of r and 1159?
19
Let h be (-480)/(-225) + 4/(-30). Let i(r) = -r**h + 18*r - 5 - 6 - 1 + 1. Let o be i(16). Calculate the highest common divisor of o and 28.
7
Let x = 0 + 16. Suppose x = 8*d + 8. Let a be 118/10 - d/(-5). What is the greatest common factor of 120 and a?
12
Let h(g) = -763*g + 1535. Let v be h(2). What is the greatest common factor of 1371 and v?
3
Let g be 4 + 1 + (-9)/((-360)/16)*185. What is the greatest common factor of 1 and g?
1
Suppose 3*o - 181 - 224 = 0. Let t(s) = s**3 - 39*s**2 + 205*s + 3. Let p be t(6). Calculate the greatest common factor of o and p.
45
Suppose -3*u = 5*x + 33, -u - 5*x + 15 = 36. Let l be 1/(u/(-2064)*8). Calculate the highest common divisor of 1161 and l.
43
Let v be (-1)/((-1)/75 - 0). Suppose 675*p - 35168 - 49207 = 0. What is the greatest common factor of v and p?
25
Let v(x) = 7*x + 989. Let a be v(-13). What is the highest common factor of 4 and a?
2
Let f = -142 + 73. Let p = 63 + f. Let l be 78/8*(-48)/p. Calculate the greatest common divisor of l and 117.
39
Suppose -2153*c + 2078*c + 156000 = 0. What is the highest common divisor of 3250 and c?
130
Let u(m) = 6*m**2 + 122*m - 486. Let p be u(4). Let j be 2/2 + 784 + (3 - 4). Calculate the highest common factor of j and p.
98
Let t be 13 + (-1346)/(-18) + (-24)/(-108). What is the highest common factor of 2354 and t?
22
Suppose -3*u = 2*u + 125. Let y = u - -37. Let q be (294/9 - 4) + (-8)/(-6). What is the highest common divisor of q and y?
6
Suppose 0*w = 3*w - 306. Let i = 205571 - 205529. What is the highest common factor of i and w?
6
Suppose -2*d - 137 = -7*d + 3*t, -2*d - 4*t = -60. Let l be 1 + d/10 + 6/30. Let v be (-3)/(-12) + 519/l. Calculate the highest common divisor of 52 and v.
26
Let d be (11 - (-19 - -30)) + 204. Calculate the highest common factor of 1700 and d.
68
Let f(y) = 8*y**2 + y - 2. Let n be f(-2). Suppose n = a + a. Suppose -410*d = -175*d - 201*d - 2380. What is the highest common divisor of d and a?
14
Let z(o) = o**3 + 5*o**2 + 2*o - 8. Let y be z(-4). Suppose y = d - 2*d + 50. Suppose -2*h = -d - 106. What is the highest common divisor of 26 and h?
26
Let c be (-5)/(-6)*14 - (612/108 - 6). Let h be -2 + 0/(-2) + 2. Suppose -b - q + 211 = 0, q + 2*q - c = h. What is the highest common divisor of b and 9?
9
Suppose 2*l = -0*l + 170. Let p(t) = 24*t - 4*t + 38 - 2 + 20*t**2 - 19*t**2. Let r be p(-19). Calculate the highest common factor of l and r.
17
Let r(p) = 7*p**3 + 3 + 4*p**2 - 34*p - 24*p**2 - 8*p**3 - 5. Let v be r(-18). Let x = v - -114. What is the greatest common factor of x and 190?
38
Let m be 391/5 + 2/(-10). Let o = -288 + 187. Let f = 107 + o. Calculate the greatest common divisor of f and m.
6
Suppose 0 = -2*h - 3*f - 84, -4*h + 2*f + 2*f - 208 = 0. Let a = h + 44. Let c be (-21)/a*(-5)/(60/(-32)). Calculate the highest common divisor of 14 and c.
14
Let u(y) = 29 + 0 + 4 + 3*y. Let h be u(-8). Let g be 2 + 33 + 2/2. What is the greatest common factor of h and g?
9
Let u be 2636 - (-4 - -2)/(-2). What is the highest common divisor of 153 and u?
17
Let c be 4964/(-438)*18/(-4). Let b(g) = -g**2 - 17*g - 18. Let o be b(-4). Calculate the greatest common divisor of c and o.
17
Let f(n) = 3*n**3 - 4*n + 2. Let q be f(2). Let r be (q/54)/((2 + 1)/81). Calculate the highest common divisor of r and 216.
9
Let k(q) = 2*q**2 - q - 4. Suppose -41 + 45 = 2*x. Let u be k(x). Let a be u/(-8) - (4765/(-20) + -4). Calculate the greatest common divisor of 22 and a.
22
Suppose 5*j + 3*n = 5*n + 424, 4*n = -4*j + 328. Let b = -1014 + 1119. Calculate the greatest common divisor of j and b.
21
Let w = -10714 - -10934. Calculate the greatest common factor of w and 649.
11
Let y = 17011 + -16982. What is the greatest common factor of y and 4321?
29
Let y(a) = -a**3 + 12*a**2 - 18*a. Let p be (80/(-56))/(2/((-14)/1)). Let z be y(p). Calculate the highest common factor of 60 and z.
20
Let c = 1275 + -1263. What is the greatest common divisor of c and 26232?
12
Let f be 38 - (11 + 1)/(-6). Suppose 11*c = 3*c + f. Suppose 150 = 3*t + 5*s - 25, 5*s = -4*t + 230. What is the greatest common divisor of c and t?
5
Let w = 3244 + -3100. What is the highest common factor of 192 and w?
48
Suppose 4*z = 15*z - 55. Suppose 12*y = z*y + 140. Suppose 0*d = -d + y. What is the highest common factor of d and 5?
5
Let q(b) = 8*b - 4. Let c be (-8)/(-6)*(-4)/8*-3. Let m = 0 + c. Let d be q(m). What is the greatest common factor of 108 and d?
12
Let y(w) = -78*w**3 - w**2 + 1. Let b be y(-2). Let q = 426244 - 426217. Calculate the highest common factor of q and b.
27
Let d = 2344 + -2320. What is the greatest common factor of 852 and d?
12
Suppose 42*g - 56 = -k + 56*g, 481 = 5*k - 3*g. What is the highest common factor of k and 8477?
49
Let i = 291 + -155. Suppose -5*r - r = -18. Suppose 0 = -r*o + 4*m + i, o = 5*m + 50 - 1. Calculate the greatest common divisor of 4 and o.
4
Suppose 0 = 4*q - z + 1046, 3*q - 6*q - 2*z = 779. Let j = q + 301. What is the greatest common divisor of 60 and j?
20
Let c = 223 + -47. Let o = 65 + -62. Let u be (-3)/3*-18 - (5 - o). Calculate the highest common factor of c and u.
16
Let u(o) = o**2 + o - 2. Let i be u(-3). Suppose -h = i*d - 1 + 3, 6 = 4*d - 3*h. Suppose d = 2*t - 4*t + 264. What is the highest common factor of 12 and t?
12
Let x(z) = 407*z - 10. Let k = 35 - 36. Let m be x(k). Let f = m + 657. What is the greatest common factor of f and 48?
48
Let g be 5/(2 + 3)*5. Suppose 634*r - 628*r - 270 = 0. What is the greatest common divisor of g and r?
5
Suppose h - b - 41 = 0, 0*h + 3*h - 5*b = 105. Calculate the greatest common factor of 1075 and h.
25
Suppose 2*q - 107 = 3*r - 131, -3*q - 39 = -5*r. What is the greatest common factor of r and 296?
2
Let x(w) = -w**2 + 8*w + 4. Let g be x(-1). Let n be g/(-25) + -219*(-3)/15. Calculate the highest common factor of 748 and n.
44
Let a = 38504 - 38184. Let o be (-4)/(-6) - (-28)/3. Calculate the highest common divisor of o and a.
10
Suppose 0 = 12*l + 5717 - 68117. Calculate the highest common factor of 65 and l.
65
Suppose -20*t = -10*t + 12750. Let h = -907 - t. Calculate the greatest common divisor of h and 276.
92
Let s be (-8)/(1584/(-1387419)) - 1/6. What is the greatest common divisor of 143 and s?
143
Suppose -2*w = x - 13, -x - 11 = -3*x - w. Let o be 1*(2 - x)*-1. Suppose 5*t - a - 17 = 0, t + t = 5*a + 16. Calculate the greatest common divisor of t and o.
1
Let c = -130 - -186. Let s be 8*(-19)/((-1748)/483). What is the highest common factor of c and s?
14
Suppose 24*a = 9*a - 9750. Let u = -590 - a